{"id":41,"date":"2024-12-23T09:31:06","date_gmt":"2024-12-23T08:31:06","guid":{"rendered":"https:\/\/www.wfosigw.lodz.pl\/bip\/?page_id=41"},"modified":"2024-12-23T09:31:06","modified_gmt":"2024-12-23T08:31:06","slug":"strategia-dzialania-wfosigw-w-lodzi-na-lata-2025-2028","status":"publish","type":"page","link":"https:\/\/www.wfosigw.lodz.pl\/bip\/o-funduszu\/strategia-dzialania-wfosigw-w-lodzi-na-lata-2025-2028\/","title":{"rendered":"Strategia dzia\u0142ania WFO\u015aiGW w \u0141odzi na lata 2025-2028"},"content":{"rendered":"<p>Wojew\u00f3dzkie fundusze ochrony \u015brodowiska opracowuj\u0105 raz na cztery lata w\u0142asn\u0105 strategi\u0119 dzia\u0142ania, na podstawie art. 400h ust.\u00a04 pkt 1 ustawy PO\u015a. Strategia dzia\u0142ania jest istotnym dokumentem wyznaczaj\u0105cym kierunki dzia\u0142a\u0144 Funduszu, na podstawie kt\u00f3rego przygotowywane s\u0105 plany dzia\u0142alno\u015bci na lata obj\u0119te Strategi\u0105 oraz programy priorytetowe i\u00a0inne regulacje dotycz\u0105ce dzia\u0142alno\u015bci ustawowej. Za\u0142o\u017cenia \u00a0Strategii wynikaj\u0105 ze \u201eWsp\u00f3lnej strategii dzia\u0142ania Narodowego Funduszu oraz wojew\u00f3dzkich funduszy ochrony \u015brodowiska i\u00a0gospodarki wodnej na lata 2025-2028\u201d, w\u00a0kt\u00f3rej wskazano wizj\u0119 przedstawiaj\u0105c\u0105 system funduszy ochrony \u015brodowiska wsp\u00f3\u0142pracuj\u0105cych wzajemnie wraz z\u00a0interesariuszami ochrony \u015brodowiska. System ten ma skutecznie, efektywnie i\u00a0elastycznie wspiera\u0107 swoich beneficjent\u00f3w w\u00a0realizacji wysokiej jako\u015bci przedsi\u0119wzi\u0119\u0107, s\u0142u\u017c\u0105cych poprawie stanu \u015brodowiska i\u00a0zr\u00f3wnowa\u017conemu gospodarowaniu jego zasobami.<\/p>\n<p><strong>\u00a0<\/strong><\/p>\n<p><strong>WIZJA WFO\u015aiGW W\u00a0\u0141ODZI:<\/strong><\/p>\n<p>\u201ePRZYJAZNA I\u00a0DYNAMICZNA INSTYTUCJA, EFEKTYWNIE I\u00a0TRANSPARENTNIE WSPIERAJ\u0104CA DZIA\u0141ANIA NA RZECZ OCHRONY \u015aRODOWISKA ORAZ ZR\u00d3WNOWA\u017bONY ROZW\u00d3J WOJEW\u00d3DZTWA \u0141\u00d3DZKIEGO\u201d<\/p>\n<p>Realizacja wizji Wojew\u00f3dzkiego Funduszu Ochrony \u015arodowiska i\u00a0Gospodarki Wodnej w\u00a0\u0141odzi s\u0142u\u017cy wdra\u017caniu misji oraz realizacji celu strategicznego.<\/p>\n<p><strong>\u00a0<\/strong><strong>MISJA <\/strong><\/p>\n<p>\u201eSKUTECZNIE WSPIERAMY DZIA\u0141ANIA NA RZECZ \u015aRODOWISKA ORAZ ZR\u00d3WNOWA\u017bONEGO GOSPODAROWANIA JEGO ZASOBAMI W\u00a0WOJEW\u00d3DZTWIE \u0141\u00d3DZKIM\u201d<\/p>\n<p><strong>CEL STRATEGICZNY<\/strong><\/p>\n<p>\u201eZMNIEJSZENIE WP\u0141YWU DZIA\u0141ALNO\u015aCI CZ\u0141OWIEKA NA KLIMAT, POPRAWA STANU \u015aRODOWISKA I\u00a0ZR\u00d3WNOWA\u017bONE GOSPODAROWANIE JEGO ZASOBAMI POPRZEZ STABILNE, SKUTECZNE I\u00a0EFEKTYWNE WSPIERANIE PRZEDSI\u0118WZI\u0118\u0106 I\u00a0INICJATYW S\u0141U\u017b\u0104CYCH \u015aRODOWISKU\u201d<\/p>\n<p>W Strategii zdefiniowano najwa\u017cniejsze cele i\u00a0zadania na najbli\u017csze lata, przy uwzgl\u0119dnieniu zmieniaj\u0105cych si\u0119 uwarunkowa\u0144 zewn\u0119trznych, w\u00a0szczeg\u00f3lno\u015bci:<\/p>\n<ul>\n<li>rozszerzenie zakresu prowadzonych przez WFO\u015aiGW w\u00a0\u0141odzi kierunk\u00f3w finansowego wsparcia i\u00a0tworzenie dobrych warunk\u00f3w jego udzielania oraz ich promocj\u0119;<\/li>\n<li>kontynuowanie udzia\u0142u WFO\u015aiGW w\u00a0\u0141odzi w\u00a0realizacji wsparcia doradczego, w\u00a0ramach \u201eProjektu Doradztwa Energetycznego\u201d w\u00a0ramach dzia\u0142ania \u201eEfektywno\u015b\u0107 energetyczna\u201d priorytet \u201eWsparcie sektor\u00f3w energetyka i\u00a0\u015brodowisko z\u00a0Funduszu Sp\u00f3jno\u015bci\u201d w\u00a0ramach Programu Fundusze Europejskie na Infrastruktur\u0119, Klimat, \u015arodowisko 2021-2027;<\/li>\n<li>dalszy udzia\u0142 we wdra\u017caniu program\u00f3w operacyjnych dla perspektywy Unii Europejskiej 2021-2027, w\u00a0zakresie priorytet\u00f3w dotycz\u0105cych ochrony \u015brodowiska i\u00a0energetyki oraz adaptacji do zmian klimatu;<\/li>\n<li>udzia\u0142 WFO\u015aiGW w\u00a0\u0141odzi w\u00a0realizacji og\u00f3lnopolskich program\u00f3w priorytetowych NFO\u015aiGW, w\u00a0szczeg\u00f3lno\u015bci w\u00a0Programie \u201eCzyste Powietrze\u201d.<\/li>\n<\/ul>\n<p>Dokument zosta\u0142 uchwalony przez Rad\u0119 Nadzorcz\u0105 WFO\u015aiGW w\u00a0\u0141odzi w\u00a0dniu 26.09.2024 r.<\/p>\n<p>&nbsp;<\/p>\n<p>Do pobrania:<\/p>\n<ul>\n<li><a class=\"wf_file\" href=\"https:\/\/www.wfosigw.lodz.pl\/archiwum\/images\/26_09_2024_Strategia_dzia%C5%82ania_WFO%C5%9AiGW_w_%C5%81odzi_na_lata_2025-2028.pdf\"><span class=\"wf_file_text\">Strategia_dzia\u0142ania_WFO\u015aiGW_w_\u0141odzi_na_lata_2025-2028<\/span><\/a><\/li>\n<\/ul>\n","protected":false},"excerpt":{"rendered":"<p>Wojew\u00f3dzkie fundusze ochrony \u015brodowiska opracowuj\u0105 raz na cztery lata w\u0142asn\u0105 strategi\u0119 dzia\u0142ania, na podstawie art. 400h ust.\u00a04 pkt 1 ustawy PO\u015a. Strategia dzia\u0142ania jest istotnym dokumentem wyznaczaj\u0105cym kierunki dzia\u0142a\u0144 Funduszu,&#8230;<\/p>\n","protected":false},"author":1,"featured_media":0,"parent":18,"menu_order":0,"comment_status":"closed","ping_status":"closed","template":"","meta":{"_acf_changed":false,"footnotes":""},"class_list":["post-41","page","type-page","status-publish","hentry"],"acf":[],"yoast_head":"<!-- This site is optimized with the Yoast SEO plugin v27.3 - https:\/\/yoast.com\/product\/yoast-seo-wordpress\/ -->\n<title>Strategia dzia\u0142ania WFO\u015aiGW w \u0141odzi na lata 2025-2028 - Biuletyn Informacji Publicznej WFO\u015aiGW w \u0141odzi<\/title>\n<meta name=\"robots\" content=\"index, follow, max-snippet:-1, max-image-preview:large, max-video-preview:-1\" \/>\n<link rel=\"canonical\" href=\"https:\/\/www.wfosigw.lodz.pl\/bip\/o-funduszu\/strategia-dzialania-wfosigw-w-lodzi-na-lata-2025-2028\/\" \/>\n<meta property=\"og:locale\" content=\"pl_PL\" \/>\n<meta property=\"og:type\" content=\"article\" \/>\n<meta property=\"og:title\" content=\"Strategia dzia\u0142ania WFO\u015aiGW w \u0141odzi na lata 2025-2028 - Biuletyn Informacji Publicznej WFO\u015aiGW w \u0141odzi\" \/>\n<meta property=\"og:description\" content=\"Wojew\u00f3dzkie fundusze ochrony \u015brodowiska opracowuj\u0105 raz na cztery lata w\u0142asn\u0105 strategi\u0119 dzia\u0142ania, na podstawie art. 400h ust.\u00a04 pkt 1 ustawy PO\u015a. Strategia dzia\u0142ania jest istotnym dokumentem wyznaczaj\u0105cym kierunki dzia\u0142a\u0144 Funduszu,...\" \/>\n<meta property=\"og:url\" content=\"https:\/\/www.wfosigw.lodz.pl\/bip\/o-funduszu\/strategia-dzialania-wfosigw-w-lodzi-na-lata-2025-2028\/\" \/>\n<meta property=\"og:site_name\" content=\"Biuletyn Informacji Publicznej WFO\u015aiGW w \u0141odzi\" \/>\n<meta property=\"article:publisher\" content=\"https:\/\/www.facebook.com\/wfosigw.lodz\/\" \/>\n<meta property=\"og:image\" content=\"https:\/\/www.wfosigw.lodz.pl\/bip\/pliki\/baner-min-1920x700.jpg.webp\" \/>\n\t<meta property=\"og:image:width\" content=\"1920\" \/>\n\t<meta property=\"og:image:height\" content=\"700\" \/>\n\t<meta property=\"og:image:type\" content=\"image\/webp\" \/>\n<meta name=\"twitter:card\" content=\"summary_large_image\" \/>\n<meta name=\"twitter:label1\" content=\"Szacowany czas czytania\" \/>\n\t<meta name=\"twitter:data1\" content=\"2 minuty\" \/>\n<script type=\"application\/ld+json\" class=\"yoast-schema-graph\">{\"@context\":\"https:\\\/\\\/schema.org\",\"@graph\":[{\"@type\":\"WebPage\",\"@id\":\"https:\\\/\\\/www.wfosigw.lodz.pl\\\/bip\\\/o-funduszu\\\/strategia-dzialania-wfosigw-w-lodzi-na-lata-2025-2028\\\/\",\"url\":\"https:\\\/\\\/www.wfosigw.lodz.pl\\\/bip\\\/o-funduszu\\\/strategia-dzialania-wfosigw-w-lodzi-na-lata-2025-2028\\\/\",\"name\":\"Strategia dzia\u0142ania WFO\u015aiGW w \u0141odzi na lata 2025-2028 - Biuletyn Informacji Publicznej WFO\u015aiGW w \u0141odzi\",\"isPartOf\":{\"@id\":\"https:\\\/\\\/www.wfosigw.lodz.pl\\\/bip\\\/#website\"},\"datePublished\":\"2024-12-23T08:31:06+00:00\",\"breadcrumb\":{\"@id\":\"https:\\\/\\\/www.wfosigw.lodz.pl\\\/bip\\\/o-funduszu\\\/strategia-dzialania-wfosigw-w-lodzi-na-lata-2025-2028\\\/#breadcrumb\"},\"inLanguage\":\"pl-PL\",\"potentialAction\":[{\"@type\":\"ReadAction\",\"target\":[\"https:\\\/\\\/www.wfosigw.lodz.pl\\\/bip\\\/o-funduszu\\\/strategia-dzialania-wfosigw-w-lodzi-na-lata-2025-2028\\\/\"]}]},{\"@type\":\"BreadcrumbList\",\"@id\":\"https:\\\/\\\/www.wfosigw.lodz.pl\\\/bip\\\/o-funduszu\\\/strategia-dzialania-wfosigw-w-lodzi-na-lata-2025-2028\\\/#breadcrumb\",\"itemListElement\":[{\"@type\":\"ListItem\",\"position\":1,\"name\":\"Strona g\u0142\u00f3wna\",\"item\":\"https:\\\/\\\/www.wfosigw.lodz.pl\\\/bip\\\/\"},{\"@type\":\"ListItem\",\"position\":2,\"name\":\"O Funduszu\",\"item\":\"https:\\\/\\\/www.wfosigw.lodz.pl\\\/bip\\\/o-funduszu\\\/\"},{\"@type\":\"ListItem\",\"position\":3,\"name\":\"Strategia dzia\u0142ania WFO\u015aiGW w \u0141odzi na lata 2025-2028\"}]},{\"@type\":\"WebSite\",\"@id\":\"https:\\\/\\\/www.wfosigw.lodz.pl\\\/bip\\\/#website\",\"url\":\"https:\\\/\\\/www.wfosigw.lodz.pl\\\/bip\\\/\",\"name\":\"Biuletyn Informacji Publicznej WFO\u015aiGW w \u0141odzi\",\"description\":\"\",\"publisher\":{\"@id\":\"https:\\\/\\\/www.wfosigw.lodz.pl\\\/bip\\\/#organization\"},\"potentialAction\":[{\"@type\":\"SearchAction\",\"target\":{\"@type\":\"EntryPoint\",\"urlTemplate\":\"https:\\\/\\\/www.wfosigw.lodz.pl\\\/bip\\\/?s={search_term_string}\"},\"query-input\":{\"@type\":\"PropertyValueSpecification\",\"valueRequired\":true,\"valueName\":\"search_term_string\"}}],\"inLanguage\":\"pl-PL\"},{\"@type\":\"Organization\",\"@id\":\"https:\\\/\\\/www.wfosigw.lodz.pl\\\/bip\\\/#organization\",\"name\":\"Biuletyn Informacji Publicznej WFO\u015aiGW w \u0141odzi\",\"url\":\"https:\\\/\\\/www.wfosigw.lodz.pl\\\/bip\\\/\",\"logo\":{\"@type\":\"ImageObject\",\"inLanguage\":\"pl-PL\",\"@id\":\"https:\\\/\\\/www.wfosigw.lodz.pl\\\/bip\\\/#\\\/schema\\\/logo\\\/image\\\/\",\"url\":\"https:\\\/\\\/www.wfosigw.lodz.pl\\\/bip\\\/pliki\\\/logo-wfosigw-1.svg\",\"contentUrl\":\"https:\\\/\\\/www.wfosigw.lodz.pl\\\/bip\\\/pliki\\\/logo-wfosigw-1.svg\",\"width\":1,\"height\":1,\"caption\":\"Biuletyn Informacji Publicznej WFO\u015aiGW w \u0141odzi\"},\"image\":{\"@id\":\"https:\\\/\\\/www.wfosigw.lodz.pl\\\/bip\\\/#\\\/schema\\\/logo\\\/image\\\/\"},\"sameAs\":[\"https:\\\/\\\/www.facebook.com\\\/wfosigw.lodz\\\/\"]}]}<\/script>\n<!-- \/ Yoast SEO plugin. -->","yoast_head_json":{"title":"Strategia dzia\u0142ania WFO\u015aiGW w \u0141odzi na lata 2025-2028 - Biuletyn Informacji Publicznej WFO\u015aiGW w \u0141odzi","robots":{"index":"index","follow":"follow","max-snippet":"max-snippet:-1","max-image-preview":"max-image-preview:large","max-video-preview":"max-video-preview:-1"},"canonical":"https:\/\/www.wfosigw.lodz.pl\/bip\/o-funduszu\/strategia-dzialania-wfosigw-w-lodzi-na-lata-2025-2028\/","og_locale":"pl_PL","og_type":"article","og_title":"Strategia dzia\u0142ania WFO\u015aiGW w \u0141odzi na lata 2025-2028 - Biuletyn Informacji Publicznej WFO\u015aiGW w \u0141odzi","og_description":"Wojew\u00f3dzkie fundusze ochrony \u015brodowiska opracowuj\u0105 raz na cztery lata w\u0142asn\u0105 strategi\u0119 dzia\u0142ania, na podstawie art. 400h ust.\u00a04 pkt 1 ustawy PO\u015a. Strategia dzia\u0142ania jest istotnym dokumentem wyznaczaj\u0105cym kierunki dzia\u0142a\u0144 Funduszu,...","og_url":"https:\/\/www.wfosigw.lodz.pl\/bip\/o-funduszu\/strategia-dzialania-wfosigw-w-lodzi-na-lata-2025-2028\/","og_site_name":"Biuletyn Informacji Publicznej WFO\u015aiGW w \u0141odzi","article_publisher":"https:\/\/www.facebook.com\/wfosigw.lodz\/","og_image":[{"width":1920,"height":700,"url":"https:\/\/www.wfosigw.lodz.pl\/bip\/pliki\/baner-min-1920x700.jpg.webp","type":"image\/webp"}],"twitter_card":"summary_large_image","twitter_misc":{"Szacowany czas czytania":"2 minuty"},"schema":{"@context":"https:\/\/schema.org","@graph":[{"@type":"WebPage","@id":"https:\/\/www.wfosigw.lodz.pl\/bip\/o-funduszu\/strategia-dzialania-wfosigw-w-lodzi-na-lata-2025-2028\/","url":"https:\/\/www.wfosigw.lodz.pl\/bip\/o-funduszu\/strategia-dzialania-wfosigw-w-lodzi-na-lata-2025-2028\/","name":"Strategia dzia\u0142ania WFO\u015aiGW w \u0141odzi na lata 2025-2028 - Biuletyn Informacji Publicznej WFO\u015aiGW w \u0141odzi","isPartOf":{"@id":"https:\/\/www.wfosigw.lodz.pl\/bip\/#website"},"datePublished":"2024-12-23T08:31:06+00:00","breadcrumb":{"@id":"https:\/\/www.wfosigw.lodz.pl\/bip\/o-funduszu\/strategia-dzialania-wfosigw-w-lodzi-na-lata-2025-2028\/#breadcrumb"},"inLanguage":"pl-PL","potentialAction":[{"@type":"ReadAction","target":["https:\/\/www.wfosigw.lodz.pl\/bip\/o-funduszu\/strategia-dzialania-wfosigw-w-lodzi-na-lata-2025-2028\/"]}]},{"@type":"BreadcrumbList","@id":"https:\/\/www.wfosigw.lodz.pl\/bip\/o-funduszu\/strategia-dzialania-wfosigw-w-lodzi-na-lata-2025-2028\/#breadcrumb","itemListElement":[{"@type":"ListItem","position":1,"name":"Strona g\u0142\u00f3wna","item":"https:\/\/www.wfosigw.lodz.pl\/bip\/"},{"@type":"ListItem","position":2,"name":"O Funduszu","item":"https:\/\/www.wfosigw.lodz.pl\/bip\/o-funduszu\/"},{"@type":"ListItem","position":3,"name":"Strategia dzia\u0142ania WFO\u015aiGW w \u0141odzi na lata 2025-2028"}]},{"@type":"WebSite","@id":"https:\/\/www.wfosigw.lodz.pl\/bip\/#website","url":"https:\/\/www.wfosigw.lodz.pl\/bip\/","name":"Biuletyn Informacji Publicznej WFO\u015aiGW w \u0141odzi","description":"","publisher":{"@id":"https:\/\/www.wfosigw.lodz.pl\/bip\/#organization"},"potentialAction":[{"@type":"SearchAction","target":{"@type":"EntryPoint","urlTemplate":"https:\/\/www.wfosigw.lodz.pl\/bip\/?s={search_term_string}"},"query-input":{"@type":"PropertyValueSpecification","valueRequired":true,"valueName":"search_term_string"}}],"inLanguage":"pl-PL"},{"@type":"Organization","@id":"https:\/\/www.wfosigw.lodz.pl\/bip\/#organization","name":"Biuletyn Informacji Publicznej WFO\u015aiGW w \u0141odzi","url":"https:\/\/www.wfosigw.lodz.pl\/bip\/","logo":{"@type":"ImageObject","inLanguage":"pl-PL","@id":"https:\/\/www.wfosigw.lodz.pl\/bip\/#\/schema\/logo\/image\/","url":"https:\/\/www.wfosigw.lodz.pl\/bip\/pliki\/logo-wfosigw-1.svg","contentUrl":"https:\/\/www.wfosigw.lodz.pl\/bip\/pliki\/logo-wfosigw-1.svg","width":1,"height":1,"caption":"Biuletyn Informacji Publicznej WFO\u015aiGW w \u0141odzi"},"image":{"@id":"https:\/\/www.wfosigw.lodz.pl\/bip\/#\/schema\/logo\/image\/"},"sameAs":["https:\/\/www.facebook.com\/wfosigw.lodz\/"]}]}},"_links":{"self":[{"href":"https:\/\/www.wfosigw.lodz.pl\/bip\/wp-json\/wp\/v2\/pages\/41","targetHints":{"allow":["GET"]}}],"collection":[{"href":"https:\/\/www.wfosigw.lodz.pl\/bip\/wp-json\/wp\/v2\/pages"}],"about":[{"href":"https:\/\/www.wfosigw.lodz.pl\/bip\/wp-json\/wp\/v2\/types\/page"}],"author":[{"embeddable":true,"href":"https:\/\/www.wfosigw.lodz.pl\/bip\/wp-json\/wp\/v2\/users\/1"}],"replies":[{"embeddable":true,"href":"https:\/\/www.wfosigw.lodz.pl\/bip\/wp-json\/wp\/v2\/comments?post=41"}],"version-history":[{"count":1,"href":"https:\/\/www.wfosigw.lodz.pl\/bip\/wp-json\/wp\/v2\/pages\/41\/revisions"}],"predecessor-version":[{"id":42,"href":"https:\/\/www.wfosigw.lodz.pl\/bip\/wp-json\/wp\/v2\/pages\/41\/revisions\/42"}],"up":[{"embeddable":true,"href":"https:\/\/www.wfosigw.lodz.pl\/bip\/wp-json\/wp\/v2\/pages\/18"}],"wp:attachment":[{"href":"https:\/\/www.wfosigw.lodz.pl\/bip\/wp-json\/wp\/v2\/media?parent=41"}],"curies":[{"name":"wp","href":"https:\/\/api.w.org\/{rel}","templated":true}]}}