{"id":32,"date":"2024-12-23T09:28:40","date_gmt":"2024-12-23T08:28:40","guid":{"rendered":"https:\/\/www.wfosigw.lodz.pl\/bip\/?page_id=32"},"modified":"2025-12-24T08:11:07","modified_gmt":"2025-12-24T07:11:07","slug":"zasady-udzielania-pomocy-finansowej-ze-srodkow-wfosigw-w-lodzi","status":"publish","type":"page","link":"https:\/\/www.wfosigw.lodz.pl\/bip\/o-funduszu\/dzialalnosc-funduszu\/zasady-udzielania-pomocy-finansowej-ze-srodkow-wfosigw-w-lodzi\/","title":{"rendered":"Zasady udzielania pomocy finansowej ze \u015brodk\u00f3w WFO\u015aiGW w \u0141odzi"},"content":{"rendered":"<div>\n<p>O pomoc ze \u015brodk\u00f3w WFO\u015aiGW w\u00a0\u0141odzi ubiega\u0107 si\u0119 mog\u0105 m.in.:<\/p>\n<ul>\n<li>jednostki samorz\u0105du terytorialnego oraz ich zwi\u0105zki,<\/li>\n<li>pa\u0144stwowe jednostki bud\u017cetowe,<\/li>\n<li>przedsi\u0119biorcy,<\/li>\n<li>ko\u015bcielne osoby prawne,<\/li>\n<li>instytucje kultury,<\/li>\n<li>uczelnie publiczne, instytucje badawcze,<\/li>\n<li>organizacje pozarz\u0105dowe,<\/li>\n<li>sp\u00f3\u0142dzielnie mieszkaniowe\/ wsp\u00f3lnoty,<\/li>\n<li>osoby fizyczne.<\/li>\n<\/ul>\n<p>WFO\u015aiGW w\u00a0\u0141odzi udziela\u0107 mo\u017ce pomocy finansowej w\u00a0formie:<\/p>\n<ul>\n<li>po\u017cyczek,<\/li>\n<li>bezzwrotnych dotacji,<\/li>\n<li>przekazywania \u015brodk\u00f3w pa\u0144stwowym jednostkom bud\u017cetowym,<\/li>\n<li>dop\u0142at do oprocentowania kredyt\u00f3w i\u00a0po\u017cyczek zaci\u0105ganych w\u00a0bankach komercyjnych,<\/li>\n<li>cz\u0119\u015bciowej sp\u0142aty kapita\u0142u kredytu bankowego.<\/li>\n<\/ul>\n<p>Wspierane przez nas zadania dotycz\u0105 realizacji przedsi\u0119wzi\u0119\u0107 w\u00a0ramach nast\u0119puj\u0105cych dziedzin:<\/p>\n<ul>\n<li>edukacji ekologicznej,<\/li>\n<li>ochrony przyrody i\u00a0krajobrazu,<\/li>\n<li>ochrony powietrza,<\/li>\n<li>gospodarki odpadami i\u00a0ochrony powierzchni ziemi,<\/li>\n<li>ochrony zasob\u00f3w wodnych,<\/li>\n<li>bada\u0144 naukowych i\u00a0ekspertyz\/monitoring \u015brodowiska,<\/li>\n<li>pozosta\u0142ych zada\u0144 ochrony \u015brodowiska.<\/li>\n<\/ul>\n<p>Informujemy, i\u017c Fundusz przyjmuje wnioski:<\/p>\n<ul>\n<li>o udzielenie dofinansowania w\u00a0formie: po\u017cyczki, dotacji &#8211; ca\u0142y rok lub zgodnie z\u00a0regulaminami konkurs\u00f3w,<\/li>\n<li>o udzielenie dofinansowania w\u00a0formie po\u017cyczki lub dotacji w\u00a0ramach program\u00f3w priorytetowych &#8211; zgodnie z\u00a0zapisami danego Programu,<\/li>\n<li>o udzielenie dotacji na realizacj\u0119 zada\u0144 dotycz\u0105cych likwidacji m.in. skutk\u00f3w kl\u0119sk \u017cywio\u0142owych &#8211; w\u00a0terminie do 12 miesi\u0119cy od daty wyst\u0105pienia \u017cywio\u0142\u00f3w lub og\u0142oszenia stanu kl\u0119ski \u017cywio\u0142owej,<\/li>\n<li>o przekazanie \u015brodk\u00f3w pa\u0144stwowym jednostkom bud\u017cetowym &#8211; do 30 kwietnia ka\u017cdego roku kalendarzowego,<\/li>\n<li>sk\u0142adane przez pa\u0144stwowe jednostki bud\u017cetowe na potrzeby ustalenia wysoko\u015bci rezerwy celowej na kolejny rok kalendarzowy &#8211; w\u00a0terminie do 31 marca roku poprzedzaj\u0105cego planowany rok zawarcia umowy,<\/li>\n<li>wnioski o\u00a0umorzenie przyjmowane s\u0105 przez ca\u0142y rok na co najmniej 45 dni kalendarzowych przed dat\u0105 sp\u0142aty pierwszej raty po\u017cyczki, kt\u00f3rej dotyczy wniosek o\u00a0cz\u0119\u015bciowe umorzenie.<\/li>\n<\/ul>\n<hr \/>\n<\/div>\n<p>Rok 2026<\/p>\n<ul>\n<li><a href=\"https:\/\/www.wfosigw.lodz.pl\/bip\/pliki\/ZASADY-UDZIELANIA-POMOCY-obowiazujace-od-01.01.2026-r.pdf\"><strong><em>Zasady udzielania pomocy finansowej ze \u015brodk\u00f3w WFO\u015aiGW w \u0141odzi <\/em><\/strong><em>(obowi\u0105zuj\u0105ce od 01.01.2026 r.)<\/em><\/a><\/li>\n<\/ul>\n<hr \/>\n<div>\n<p>Rok 2024<\/p>\n<ul>\n<li><a href=\"https:\/\/www.wfosigw.lodz.pl\/archiwum\/images\/Zasady_udzielania_pomocy_finansowej_ze_\u015brodk\u00f3w_WFO\u015aiGW_w_\u0141odzi_na_rok_2024_z_dn._26.09.pdf\">Zasady udzielania pomocy finansowej ze \u015brodk\u00f3w WFO\u015aiGW w\u00a0\u0141odzi na rok 2024 z\u00a0dn. 26.09.2024 r.<\/a><\/li>\n<li><a href=\"https:\/\/www.wfosigw.lodz.pl\/archiwum\/images\/Zasady_udzielania_pomocy_finansowej_ze_\u015brodk\u00f3w_WFO\u015aiGW_w_\u0141odzi_na_rok_2024_z_dn._29.11.pdf\">Zasady udzielania pomocy finansowej ze \u015brodk\u00f3w WFO\u015aiGW w\u00a0\u0141odzi na rok 2024 z\u00a0dn. 29.11.2023 r.<\/a><\/li>\n<li><a href=\"https:\/\/www.wfosigw.lodz.pl\/archiwum\/images\/dokumenty\/Za\u0142_RN_PROJEKT_LISTA_PP_na_2024_strona.pdf\">Lista przedsi\u0119wzi\u0119\u0107 priorytetowych WFO\u015aiGW w\u00a0\u0141odzi na 2024 rok, wprowadzona uchwa\u0142\u0105 Rady Nadzorczej nr 55\/VI\/2023 z\u00a0dnia 20.06.2023r.<\/a><\/li>\n<\/ul>\n<hr \/>\n<p>Rok 2023<\/p>\n<ul>\n<li><a class=\"wf_file\" href=\"https:\/\/www.wfosigw.lodz.pl\/archiwum\/images\/za\u0142\u0105cznik_do_URN_3-I-2023_zasady.pdf\" target=\"_blank\" rel=\"noopener\"><span class=\"wf_file_text\">Zasady udzielania pomocy finansowej ze \u015brodk\u00f3w WFO\u015aiGW w\u00a0\u0141odzi na rok 2023 z\u00a0dn. 05.01.2023 r.<\/span><\/a><\/li>\n<li><a href=\"https:\/\/www.wfosigw.lodz.pl\/archiwum\/images\/LISTA_PP_na_2023.pdf\">Lista przedsi\u0119wzi\u0119\u0107 priorytetowych WFO\u015aiGW w\u00a0\u0141odzi na 2023 r.<\/a><\/li>\n<li><a href=\"https:\/\/www.wfosigw.lodz.pl\/archiwum\/images\/17_01_2023_PROCEDURA.pdf\">Procedura udzielania dofinansowania na realizacj\u0119 zada\u0144 ze \u015brodk\u00f3w WFO\u015aiGW w\u00a0\u0141odzi<\/a><\/li>\n<li><a href=\"https:\/\/www.wfosigw.lodz.pl\/archiwum\/images\/17_01_2023_Zalacznik_nr_1_Procedura.pdf\">Za\u0142\u0105cznik nr 1 do \u201eProcedury udzielania dofinansowania na realizacj\u0119 zada\u0144 ze \u015brodk\u00f3w WFO\u015aiGW w\u00a0\u0141odzi\u201d<\/a><\/li>\n<li><a href=\"https:\/\/www.wfosigw.lodz.pl\/archiwum\/images\/17__01_2023_Za\u0142acznik_nr_2_Procedura.pdf\">Za\u0142\u0105cznik nr 2 do \u201eProcedury udzielania dofinansowania na realizacj\u0119 zada\u0144 ze \u015brodk\u00f3w WFO\u015aiGW w\u00a0\u0141odzi\u201d<\/a><\/li>\n<li><a href=\"https:\/\/www.wfosigw.lodz.pl\/przegladarka-plikow\/Za-URN-projket-Kryteria-18-12-2018_2.pdf\">Kryteria wyboru przedsi\u0119wzi\u0119\u0107 finansowanych ze \u015brodk\u00f3w WFO\u015aiGW w\u00a0\u0141odzi obowi\u0105zuj\u0105ce od 01.01.2019 r. (URN 117\/XII\/2018 z\u00a0dn. 18.12.2018 r.)<\/a><\/li>\n<\/ul>\n<hr \/>\n<p>Rok 2022<\/p>\n<ul>\n<li><a class=\"wf_file\" href=\"https:\/\/www.wfosigw.lodz.pl\/archiwum\/images\/ZASADY_Za%C5%82%C4%85cznik_do_uchwa%C5%82y_Rady_Nadzorczej.pdf\" target=\"_blank\" rel=\"noopener\"><span class=\"wf_file_text\">Zasady udzielania pomocy finansowej ze \u015brodk\u00f3w WFO\u015aiGW w\u00a0\u0141odzi na rok 2022 z\u00a0dn. 22.02.2022 r.<\/span><\/a><\/li>\n<li><a class=\"wf_file\" href=\"https:\/\/www.wfosigw.lodz.pl\/archiwum\/images\/Zasady__udzielania_pomocy_finansowej_ze_srodkow_WFOSiGW_w_Lodzi_na_rok_2022_z_dn._29.12.pdf\">Zasady udzielania pomocy finansowej ze \u015brodk\u00f3w WFO\u015aiGW w\u00a0\u0141odzi na rok 2022 z\u00a0dn. 29.12.2021 r.<\/a><\/li>\n<li><a href=\"https:\/\/www.wfosigw.lodz.pl\/archiwum\/images\/Lista_przedsi\u0119wzie\u0107_priorytetowych_WFO\u015aiGW_w_\u0141odzi_na_2022_rok.pdf\">Lista Przedsi\u0119wzi\u0119\u0107 Priorytetowych WFO\u015aiGW w\u00a0\u0141odzi na 2022 r.<\/a><\/li>\n<li><a href=\"https:\/\/www.wfosigw.lodz.pl\/przegladarka-plikow\/Za-URN-projket-Kryteria-18-12-2018_2.pdf\">Kryteria wyboru przedsi\u0119wzi\u0119\u0107 finansowanych ze \u015brodk\u00f3w WFO\u015aiGW w\u00a0\u0141odzi obowi\u0105zuj\u0105ce od 01.01.2019 r. (URN 117\/XII\/2018 z\u00a0dn. 18.12.2018 r.)<\/a><\/li>\n<\/ul>\n<hr \/>\n<p>Rok 2021<\/p>\n<ul>\n<li><a href=\"https:\/\/www.wfosigw.lodz.pl\/archiwum\/images\/ZASADY_Za\u0142\u0105cznik_pod_uchwa\u0142\u0119_Rady_24.03.2021.pdf\">Zasady udzielania pomocy finansowej ze \u015brodk\u00f3w WFO\u015aiGW w\u00a0\u0141odzi na rok 2021 z\u00a0dn. 24.03.2021 r.<\/a><\/li>\n<li><a href=\"https:\/\/www.wfosigw.lodz.pl\/archiwum\/images\/24_02_21_ZASADY_Za\u0142acznik_pod_uchwal\u0119_RADY_NADZORCZEJ.docx.pdf\">Zasady udzielania pomocy finansowej ze \u015brodk\u00f3w WFO\u015aiGW w\u00a0\u0141odzi na rok 2021 z\u00a0dn. 24.02.2021 r.<\/a><\/li>\n<li><a href=\"https:\/\/www.wfosigw.lodz.pl\/archiwum\/images\/ZASADY_Za\u0142acznik_pod_uchwal\u0119_RADY.pdf\">Zasady udzielania pomocy finansowej ze \u015brodk\u00f3w WFO\u015aiGW w\u00a0\u0141odzi na rok 2021 z\u00a0dn. 21.12.2020 r.<\/a><\/li>\n<li><a href=\"https:\/\/www.wfosigw.lodz.pl\/przegladarka-plikow\/URN-nr-50-Lista.pdf\">Lista przedsi\u0119wzi\u0119\u0107 priorytetowych na 2021 r.<\/a><\/li>\n<li><a href=\"https:\/\/www.wfosigw.lodz.pl\/przegladarka-plikow\/Za-URN-projket-Kryteria-18-12-2018_2.pdf\">Kryteria wyboru przedsi\u0119wzi\u0119\u0107 finansowanych ze \u015brodk\u00f3w WFO\u015aiGW w\u00a0\u0141odzi obowi\u0105zuj\u0105ce od 01.01.2019 r. (URN 117\/XII\/2018 z\u00a0dn. 18.12.2018 r.)<\/a><\/li>\n<\/ul>\n<p>&nbsp;<\/p>\n<hr \/>\n<p>Rok 2020<\/p>\n<ul>\n<li><a href=\"https:\/\/www.wfosigw.lodz.pl\/przegladarka-plikow\/Zasady-udzielania-pomocy-finansowej-ze-srodkow-WFOSiGW-w-lodzi-z-dnia-09-06-2020-r-.pdf\">Zasady udzielania pomocy finansowej ze \u015brodk\u00f3w WFO\u015aiGW w\u00a0\u0141odzi 2020 r. z\u00a0dn. 09.06.2020 r.<\/a><\/li>\n<li><a href=\"https:\/\/www.wfosigw.lodz.pl\/przegladarka-plikow\/ZASADY-21-02-2020-tekst-jednolity.pdf\">Zasady udzielania pomocy finansowej ze \u015brodk\u00f3w WFO\u015aiGW w\u00a0\u0141odzi 2020 r.<\/a><\/li>\n<li><a href=\"https:\/\/www.wfosigw.lodz.pl\/przegladarka-plikow\/Uchwala-Rady-Nadzorczej-WFOSiGW-w-lodzi-Nr-4II2020-z-dn-21-02-2020-r-.pdf\">Uchwa\u0142a Rady Nadzorczej WFO\u015aiGW w\u00a0\u0141odzi Nr 4II2020 z\u00a0dn 21.02.2020 r.<\/a><\/li>\n<li><a href=\"https:\/\/www.wfosigw.lodz.pl\/przegladarka-plikow\/Zal-RN-Lista-Przedsiewziec-Priorytetowych-na-2020-na-strone_1.pdf\">Lista Przedsi\u0119wzi\u0119\u0107 Priorytetowych na 2020 rok<\/a><\/li>\n<li><a href=\"https:\/\/www.wfosigw.lodz.pl\/przegladarka-plikow\/Za-URN-projket-Kryteria-18-12-2018_2.pdf\">Kryteria wyboru przedsi\u0119wzi\u0119\u0107 finansowanych ze \u015brodk\u00f3w WFO\u015aiGW w\u00a0\u0141odzi obowi\u0105zuj\u0105ce od 01.01.2019 r. (URN 117\/XII\/2018 z\u00a0dn. 18.12.2018 r.)<\/a><\/li>\n<\/ul>\n<hr \/>\n<p>Rok 2019<\/p>\n<ul>\n<li><a href=\"https:\/\/www.wfosigw.lodz.pl\/przegladarka-plikow\/Za-Nr-1-do-URN-ZASADY-18-12-2018_2.pdf\">Zasady udzielania pomocy finansowej ze \u015brodk\u00f3w WFO\u015aiGW w\u00a0\u0141odzi (URN nr 116\/XII\/2018 z\u00a0dn. 18.12.2018 r.)<\/a><\/li>\n<li><a href=\"https:\/\/www.wfosigw.lodz.pl\/przegladarka-plikow\/Lista-Przedsiwzi-Priorytetowych-na-2019-_2.pdf\">Lista Przedsi\u0119wzi\u0119\u0107 Priorytetowych na 2019 rok<\/a><\/li>\n<li><a href=\"https:\/\/www.wfosigw.lodz.pl\/przegladarka-plikow\/Za-URN-projket-Kryteria-18-12-2018_2.pdf\">Kryteria wyboru przedsi\u0119wzi\u0119\u0107 finansowanych ze \u015brodk\u00f3w WFO\u015aiGW w\u00a0\u0141odzi obowi\u0105zuj\u0105ce od 01.01.2019 r. (URN 117\/XII\/2018 z\u00a0dn. 18.12.2018 r.)<\/a><\/li>\n<li><a href=\"https:\/\/www.wfosigw.lodz.pl\/przegladarka-plikow\/21-12-18-Procedury-Zaacznik-UZ.pdf\">Procedura udzielenia dofinansowania ze \u015brodk\u00f3w WFO\u015aiGW w\u00a0\u0141odzi<\/a><\/li>\n<li><a href=\"https:\/\/www.wfosigw.lodz.pl\/przegladarka-plikow\/21-12-18-Za-nr-1-Procedura-projekt-SCHEMAT-2018-Zarzad.pdf\">Za\u0142\u0105cznik nr 1 do Procedury udzielania dofinansowania ze \u015brodk\u00f3w WFO\u015aiGW w\u00a0\u0141odzi<\/a><\/li>\n<li><a href=\"https:\/\/www.wfosigw.lodz.pl\/przegladarka-plikow\/21-12-2018-Za-nr-2-Procedura-2018-Tabela-terminy-Zarzad.pdf\">Za\u0142\u0105cznik nr 2 do Procedury udzielania dofinansowania ze \u015brodk\u00f3w WFO\u015aiGW w\u00a0\u0141odzi<\/a><\/li>\n<\/ul>\n<\/div>\n","protected":false},"excerpt":{"rendered":"<p>O pomoc ze \u015brodk\u00f3w WFO\u015aiGW w\u00a0\u0141odzi ubiega\u0107 si\u0119 mog\u0105 m.in.: jednostki samorz\u0105du terytorialnego oraz ich zwi\u0105zki, pa\u0144stwowe jednostki bud\u017cetowe, przedsi\u0119biorcy, ko\u015bcielne osoby prawne, instytucje kultury, uczelnie publiczne, instytucje badawcze, organizacje&#8230;<\/p>\n","protected":false},"author":1,"featured_media":0,"parent":20,"menu_order":0,"comment_status":"closed","ping_status":"closed","template":"","meta":{"_acf_changed":false,"footnotes":""},"class_list":["post-32","page","type-page","status-publish","hentry"],"acf":[],"yoast_head":"<!-- This site is optimized with the Yoast SEO plugin v27.4 - https:\/\/yoast.com\/product\/yoast-seo-wordpress\/ -->\n<title>Zasady udzielania pomocy finansowej ze \u015brodk\u00f3w WFO\u015aiGW w \u0141odzi - Biuletyn Informacji Publicznej WFO\u015aiGW w \u0141odzi<\/title>\n<meta name=\"robots\" content=\"index, follow, max-snippet:-1, max-image-preview:large, max-video-preview:-1\" \/>\n<link rel=\"canonical\" href=\"https:\/\/www.wfosigw.lodz.pl\/bip\/o-funduszu\/dzialalnosc-funduszu\/zasady-udzielania-pomocy-finansowej-ze-srodkow-wfosigw-w-lodzi\/\" \/>\n<meta property=\"og:locale\" content=\"pl_PL\" \/>\n<meta property=\"og:type\" content=\"article\" \/>\n<meta property=\"og:title\" content=\"Zasady udzielania pomocy finansowej ze \u015brodk\u00f3w WFO\u015aiGW w \u0141odzi - Biuletyn Informacji Publicznej WFO\u015aiGW w \u0141odzi\" \/>\n<meta property=\"og:description\" content=\"O pomoc ze \u015brodk\u00f3w WFO\u015aiGW w\u00a0\u0141odzi ubiega\u0107 si\u0119 mog\u0105 m.in.: jednostki samorz\u0105du terytorialnego oraz ich zwi\u0105zki, pa\u0144stwowe jednostki bud\u017cetowe, przedsi\u0119biorcy, ko\u015bcielne osoby prawne, instytucje kultury, uczelnie publiczne, instytucje badawcze, organizacje...\" \/>\n<meta property=\"og:url\" content=\"https:\/\/www.wfosigw.lodz.pl\/bip\/o-funduszu\/dzialalnosc-funduszu\/zasady-udzielania-pomocy-finansowej-ze-srodkow-wfosigw-w-lodzi\/\" \/>\n<meta property=\"og:site_name\" content=\"Biuletyn Informacji Publicznej WFO\u015aiGW w \u0141odzi\" \/>\n<meta property=\"article:publisher\" content=\"https:\/\/www.facebook.com\/wfosigw.lodz\/\" \/>\n<meta property=\"article:modified_time\" content=\"2025-12-24T07:11:07+00:00\" \/>\n<meta property=\"og:image\" content=\"https:\/\/www.wfosigw.lodz.pl\/bip\/pliki\/baner-min-1920x700.jpg.webp\" \/>\n\t<meta property=\"og:image:width\" content=\"1920\" \/>\n\t<meta property=\"og:image:height\" content=\"700\" \/>\n\t<meta property=\"og:image:type\" content=\"image\/webp\" \/>\n<meta name=\"twitter:card\" content=\"summary_large_image\" \/>\n<meta name=\"twitter:label1\" content=\"Szacowany czas czytania\" \/>\n\t<meta name=\"twitter:data1\" content=\"4 minuty\" \/>\n<script type=\"application\/ld+json\" class=\"yoast-schema-graph\">{\"@context\":\"https:\\\/\\\/schema.org\",\"@graph\":[{\"@type\":\"WebPage\",\"@id\":\"https:\\\/\\\/www.wfosigw.lodz.pl\\\/bip\\\/o-funduszu\\\/dzialalnosc-funduszu\\\/zasady-udzielania-pomocy-finansowej-ze-srodkow-wfosigw-w-lodzi\\\/\",\"url\":\"https:\\\/\\\/www.wfosigw.lodz.pl\\\/bip\\\/o-funduszu\\\/dzialalnosc-funduszu\\\/zasady-udzielania-pomocy-finansowej-ze-srodkow-wfosigw-w-lodzi\\\/\",\"name\":\"Zasady udzielania pomocy finansowej ze \u015brodk\u00f3w WFO\u015aiGW w \u0141odzi - Biuletyn Informacji Publicznej WFO\u015aiGW w \u0141odzi\",\"isPartOf\":{\"@id\":\"https:\\\/\\\/www.wfosigw.lodz.pl\\\/bip\\\/#website\"},\"datePublished\":\"2024-12-23T08:28:40+00:00\",\"dateModified\":\"2025-12-24T07:11:07+00:00\",\"breadcrumb\":{\"@id\":\"https:\\\/\\\/www.wfosigw.lodz.pl\\\/bip\\\/o-funduszu\\\/dzialalnosc-funduszu\\\/zasady-udzielania-pomocy-finansowej-ze-srodkow-wfosigw-w-lodzi\\\/#breadcrumb\"},\"inLanguage\":\"pl-PL\",\"potentialAction\":[{\"@type\":\"ReadAction\",\"target\":[\"https:\\\/\\\/www.wfosigw.lodz.pl\\\/bip\\\/o-funduszu\\\/dzialalnosc-funduszu\\\/zasady-udzielania-pomocy-finansowej-ze-srodkow-wfosigw-w-lodzi\\\/\"]}]},{\"@type\":\"BreadcrumbList\",\"@id\":\"https:\\\/\\\/www.wfosigw.lodz.pl\\\/bip\\\/o-funduszu\\\/dzialalnosc-funduszu\\\/zasady-udzielania-pomocy-finansowej-ze-srodkow-wfosigw-w-lodzi\\\/#breadcrumb\",\"itemListElement\":[{\"@type\":\"ListItem\",\"position\":1,\"name\":\"Strona g\u0142\u00f3wna\",\"item\":\"https:\\\/\\\/www.wfosigw.lodz.pl\\\/bip\\\/\"},{\"@type\":\"ListItem\",\"position\":2,\"name\":\"O Funduszu\",\"item\":\"https:\\\/\\\/www.wfosigw.lodz.pl\\\/bip\\\/o-funduszu\\\/\"},{\"@type\":\"ListItem\",\"position\":3,\"name\":\"Dzia\u0142alno\u015b\u0107 Funduszu\",\"item\":\"https:\\\/\\\/www.wfosigw.lodz.pl\\\/bip\\\/o-funduszu\\\/dzialalnosc-funduszu\\\/\"},{\"@type\":\"ListItem\",\"position\":4,\"name\":\"Zasady udzielania pomocy finansowej ze \u015brodk\u00f3w WFO\u015aiGW w \u0141odzi\"}]},{\"@type\":\"WebSite\",\"@id\":\"https:\\\/\\\/www.wfosigw.lodz.pl\\\/bip\\\/#website\",\"url\":\"https:\\\/\\\/www.wfosigw.lodz.pl\\\/bip\\\/\",\"name\":\"Biuletyn Informacji Publicznej WFO\u015aiGW w \u0141odzi\",\"description\":\"\",\"publisher\":{\"@id\":\"https:\\\/\\\/www.wfosigw.lodz.pl\\\/bip\\\/#organization\"},\"potentialAction\":[{\"@type\":\"SearchAction\",\"target\":{\"@type\":\"EntryPoint\",\"urlTemplate\":\"https:\\\/\\\/www.wfosigw.lodz.pl\\\/bip\\\/?s={search_term_string}\"},\"query-input\":{\"@type\":\"PropertyValueSpecification\",\"valueRequired\":true,\"valueName\":\"search_term_string\"}}],\"inLanguage\":\"pl-PL\"},{\"@type\":\"Organization\",\"@id\":\"https:\\\/\\\/www.wfosigw.lodz.pl\\\/bip\\\/#organization\",\"name\":\"Biuletyn Informacji Publicznej WFO\u015aiGW w \u0141odzi\",\"url\":\"https:\\\/\\\/www.wfosigw.lodz.pl\\\/bip\\\/\",\"logo\":{\"@type\":\"ImageObject\",\"inLanguage\":\"pl-PL\",\"@id\":\"https:\\\/\\\/www.wfosigw.lodz.pl\\\/bip\\\/#\\\/schema\\\/logo\\\/image\\\/\",\"url\":\"https:\\\/\\\/www.wfosigw.lodz.pl\\\/bip\\\/pliki\\\/logo-wfosigw-1.svg\",\"contentUrl\":\"https:\\\/\\\/www.wfosigw.lodz.pl\\\/bip\\\/pliki\\\/logo-wfosigw-1.svg\",\"width\":1,\"height\":1,\"caption\":\"Biuletyn Informacji Publicznej WFO\u015aiGW w \u0141odzi\"},\"image\":{\"@id\":\"https:\\\/\\\/www.wfosigw.lodz.pl\\\/bip\\\/#\\\/schema\\\/logo\\\/image\\\/\"},\"sameAs\":[\"https:\\\/\\\/www.facebook.com\\\/wfosigw.lodz\\\/\"]}]}<\/script>\n<!-- \/ Yoast SEO plugin. -->","yoast_head_json":{"title":"Zasady udzielania pomocy finansowej ze \u015brodk\u00f3w WFO\u015aiGW w \u0141odzi - Biuletyn Informacji Publicznej WFO\u015aiGW w \u0141odzi","robots":{"index":"index","follow":"follow","max-snippet":"max-snippet:-1","max-image-preview":"max-image-preview:large","max-video-preview":"max-video-preview:-1"},"canonical":"https:\/\/www.wfosigw.lodz.pl\/bip\/o-funduszu\/dzialalnosc-funduszu\/zasady-udzielania-pomocy-finansowej-ze-srodkow-wfosigw-w-lodzi\/","og_locale":"pl_PL","og_type":"article","og_title":"Zasady udzielania pomocy finansowej ze \u015brodk\u00f3w WFO\u015aiGW w \u0141odzi - Biuletyn Informacji Publicznej WFO\u015aiGW w \u0141odzi","og_description":"O pomoc ze \u015brodk\u00f3w WFO\u015aiGW w\u00a0\u0141odzi ubiega\u0107 si\u0119 mog\u0105 m.in.: jednostki samorz\u0105du terytorialnego oraz ich zwi\u0105zki, pa\u0144stwowe jednostki bud\u017cetowe, przedsi\u0119biorcy, ko\u015bcielne osoby prawne, instytucje kultury, uczelnie publiczne, instytucje badawcze, organizacje...","og_url":"https:\/\/www.wfosigw.lodz.pl\/bip\/o-funduszu\/dzialalnosc-funduszu\/zasady-udzielania-pomocy-finansowej-ze-srodkow-wfosigw-w-lodzi\/","og_site_name":"Biuletyn Informacji Publicznej WFO\u015aiGW w \u0141odzi","article_publisher":"https:\/\/www.facebook.com\/wfosigw.lodz\/","article_modified_time":"2025-12-24T07:11:07+00:00","og_image":[{"width":1920,"height":700,"url":"https:\/\/www.wfosigw.lodz.pl\/bip\/pliki\/baner-min-1920x700.jpg.webp","type":"image\/webp"}],"twitter_card":"summary_large_image","twitter_misc":{"Szacowany czas czytania":"4 minuty"},"schema":{"@context":"https:\/\/schema.org","@graph":[{"@type":"WebPage","@id":"https:\/\/www.wfosigw.lodz.pl\/bip\/o-funduszu\/dzialalnosc-funduszu\/zasady-udzielania-pomocy-finansowej-ze-srodkow-wfosigw-w-lodzi\/","url":"https:\/\/www.wfosigw.lodz.pl\/bip\/o-funduszu\/dzialalnosc-funduszu\/zasady-udzielania-pomocy-finansowej-ze-srodkow-wfosigw-w-lodzi\/","name":"Zasady udzielania pomocy finansowej ze \u015brodk\u00f3w WFO\u015aiGW w \u0141odzi - Biuletyn Informacji Publicznej WFO\u015aiGW w \u0141odzi","isPartOf":{"@id":"https:\/\/www.wfosigw.lodz.pl\/bip\/#website"},"datePublished":"2024-12-23T08:28:40+00:00","dateModified":"2025-12-24T07:11:07+00:00","breadcrumb":{"@id":"https:\/\/www.wfosigw.lodz.pl\/bip\/o-funduszu\/dzialalnosc-funduszu\/zasady-udzielania-pomocy-finansowej-ze-srodkow-wfosigw-w-lodzi\/#breadcrumb"},"inLanguage":"pl-PL","potentialAction":[{"@type":"ReadAction","target":["https:\/\/www.wfosigw.lodz.pl\/bip\/o-funduszu\/dzialalnosc-funduszu\/zasady-udzielania-pomocy-finansowej-ze-srodkow-wfosigw-w-lodzi\/"]}]},{"@type":"BreadcrumbList","@id":"https:\/\/www.wfosigw.lodz.pl\/bip\/o-funduszu\/dzialalnosc-funduszu\/zasady-udzielania-pomocy-finansowej-ze-srodkow-wfosigw-w-lodzi\/#breadcrumb","itemListElement":[{"@type":"ListItem","position":1,"name":"Strona g\u0142\u00f3wna","item":"https:\/\/www.wfosigw.lodz.pl\/bip\/"},{"@type":"ListItem","position":2,"name":"O Funduszu","item":"https:\/\/www.wfosigw.lodz.pl\/bip\/o-funduszu\/"},{"@type":"ListItem","position":3,"name":"Dzia\u0142alno\u015b\u0107 Funduszu","item":"https:\/\/www.wfosigw.lodz.pl\/bip\/o-funduszu\/dzialalnosc-funduszu\/"},{"@type":"ListItem","position":4,"name":"Zasady udzielania pomocy finansowej ze \u015brodk\u00f3w WFO\u015aiGW w \u0141odzi"}]},{"@type":"WebSite","@id":"https:\/\/www.wfosigw.lodz.pl\/bip\/#website","url":"https:\/\/www.wfosigw.lodz.pl\/bip\/","name":"Biuletyn Informacji Publicznej WFO\u015aiGW w \u0141odzi","description":"","publisher":{"@id":"https:\/\/www.wfosigw.lodz.pl\/bip\/#organization"},"potentialAction":[{"@type":"SearchAction","target":{"@type":"EntryPoint","urlTemplate":"https:\/\/www.wfosigw.lodz.pl\/bip\/?s={search_term_string}"},"query-input":{"@type":"PropertyValueSpecification","valueRequired":true,"valueName":"search_term_string"}}],"inLanguage":"pl-PL"},{"@type":"Organization","@id":"https:\/\/www.wfosigw.lodz.pl\/bip\/#organization","name":"Biuletyn Informacji Publicznej WFO\u015aiGW w \u0141odzi","url":"https:\/\/www.wfosigw.lodz.pl\/bip\/","logo":{"@type":"ImageObject","inLanguage":"pl-PL","@id":"https:\/\/www.wfosigw.lodz.pl\/bip\/#\/schema\/logo\/image\/","url":"https:\/\/www.wfosigw.lodz.pl\/bip\/pliki\/logo-wfosigw-1.svg","contentUrl":"https:\/\/www.wfosigw.lodz.pl\/bip\/pliki\/logo-wfosigw-1.svg","width":1,"height":1,"caption":"Biuletyn Informacji Publicznej WFO\u015aiGW w \u0141odzi"},"image":{"@id":"https:\/\/www.wfosigw.lodz.pl\/bip\/#\/schema\/logo\/image\/"},"sameAs":["https:\/\/www.facebook.com\/wfosigw.lodz\/"]}]}},"_links":{"self":[{"href":"https:\/\/www.wfosigw.lodz.pl\/bip\/wp-json\/wp\/v2\/pages\/32","targetHints":{"allow":["GET"]}}],"collection":[{"href":"https:\/\/www.wfosigw.lodz.pl\/bip\/wp-json\/wp\/v2\/pages"}],"about":[{"href":"https:\/\/www.wfosigw.lodz.pl\/bip\/wp-json\/wp\/v2\/types\/page"}],"author":[{"embeddable":true,"href":"https:\/\/www.wfosigw.lodz.pl\/bip\/wp-json\/wp\/v2\/users\/1"}],"replies":[{"embeddable":true,"href":"https:\/\/www.wfosigw.lodz.pl\/bip\/wp-json\/wp\/v2\/comments?post=32"}],"version-history":[{"count":4,"href":"https:\/\/www.wfosigw.lodz.pl\/bip\/wp-json\/wp\/v2\/pages\/32\/revisions"}],"predecessor-version":[{"id":766,"href":"https:\/\/www.wfosigw.lodz.pl\/bip\/wp-json\/wp\/v2\/pages\/32\/revisions\/766"}],"up":[{"embeddable":true,"href":"https:\/\/www.wfosigw.lodz.pl\/bip\/wp-json\/wp\/v2\/pages\/20"}],"wp:attachment":[{"href":"https:\/\/www.wfosigw.lodz.pl\/bip\/wp-json\/wp\/v2\/media?parent=32"}],"curies":[{"name":"wp","href":"https:\/\/api.w.org\/{rel}","templated":true}]}}