{"id":24,"date":"2024-12-23T09:26:48","date_gmt":"2024-12-23T08:26:48","guid":{"rendered":"https:\/\/www.wfosigw.lodz.pl\/bip\/?page_id=24"},"modified":"2024-12-23T09:27:21","modified_gmt":"2024-12-23T08:27:21","slug":"spolki","status":"publish","type":"page","link":"https:\/\/www.wfosigw.lodz.pl\/bip\/o-funduszu\/dzialalnosc-funduszu\/spolki\/","title":{"rendered":"Sp\u00f3\u0142ki"},"content":{"rendered":"<p><strong>Wojew\u00f3dzki Fundusz Ochrony \u015arodowiska i\u00a0Gospodarki Wodnej w\u00a0\u0141odzi posiada akcje lub udzia\u0142y m.in. w\u00a0ni\u017cej wymienionych Sp\u00f3\u0142kach.<\/strong><\/p>\n<p>Stan na kwiecie\u0144 2023r.<\/p>\n<p><strong>Dane szczeg\u00f3\u0142owe:<\/strong><\/p>\n<table border=\"1\">\n<tbody>\n<tr>\n<td><strong>NAZWA<\/strong><\/td>\n<td><strong>\u00a0EKO-REGION SP. Z\u00a0O.O.<\/strong><\/td>\n<\/tr>\n<tr>\n<td><strong>ADRES<\/strong><\/td>\n<td>\u00a0UL. BAWE\u0141NIANA 18, 97-400 BE\u0141CHAT\u00d3W<\/td>\n<\/tr>\n<tr>\n<td><strong>WYSOKO\u015a\u0106 KAPITA\u0141U ZAK\u0141ADOWEGO<\/strong><\/td>\n<td>80 611 600,00 z\u0142<\/td>\n<\/tr>\n<tr>\n<td><strong>PRZEDMIOT DZIA\u0141ALNO\u015aCI<\/strong><\/td>\n<td>\n<ul>\n<li>ODBI\u00d3R ODPAD\u00d3W KOMUNALNYCH,<\/li>\n<li>SELEKTYWNA ZBI\u00d3RKA OG\u00d3LNODOST\u0118PNA,<\/li>\n<li>SELEKTYWNA ZBI\u00d3RKA PRZYDOMOWA,<\/li>\n<li>ODBI\u00d3R ODPAD\u00d3W SELEKTYWNYCH W\u00a0RAMACH KONKURS\u00d3W SZKOLNYCH,<\/li>\n<li>ODBI\u00d3R ODPAD\u00d3W WIELKOGABARYTOWYCH,<\/li>\n<li>ODBI\u00d3R ODPAD\u00d3W PRZEMYS\u0141OWYCH,<\/li>\n<li>PRODUKCJA PALIW ALTERNATYWNYCH,<\/li>\n<li>EKSPLOATACJA SK\u0141ADOWISK ODPAD\u00d3W,<\/li>\n<li>REKULTYWACJA SK\u0141ADOWISK ODPAD\u00d3W,<\/li>\n<li>LIKWIDACJA DZIKICH WYSYPISK,<\/li>\n<li>ROZDRABNIANIE ODPAD\u00d3W,<\/li>\n<li>NISZCZENIE DOKUMENT\u00d3W<\/li>\n<\/ul>\n<\/td>\n<\/tr>\n<tr>\n<td><strong>UDZIA\u0141 WFO\u015aiGW W\u00a0KAPITALE\u00a0 ZAK\u0141ADOWYM<\/strong><\/td>\n<td>9,90%<\/td>\n<\/tr>\n<tr>\n<td><strong>KONTAKT<\/strong><\/td>\n<td>\u00a0<a href=\"http:\/\/www.eko-region.pl\/\">www.eko-region.pl<\/a><\/td>\n<\/tr>\n<\/tbody>\n<\/table>\n<table border=\"1\">\n<tbody>\n<tr>\n<td><strong>NAZWA<\/strong><\/td>\n<td>\u00a0<strong>GEOTERMIA MAZOWIECKA SA<\/strong><\/td>\n<\/tr>\n<tr>\n<td><strong>ADRES<\/strong><\/td>\n<td>\u00a0UL. SP\u00d3\u0141DZIELCZA 9A, 96-320 MSZCZON\u00d3W<\/td>\n<\/tr>\n<tr>\n<td><strong>WYSOKO\u015a\u0106 KAPITA\u0141U ZAK\u0141ADOWEGO<\/strong><\/td>\n<td>15 104 339,00 z\u0142<\/td>\n<\/tr>\n<tr>\n<td><strong>PRZEDMIOT DZIA\u0141ALNO\u015aCI<\/strong><\/td>\n<td>\n<ul>\n<li>WYKONYWANIE OCEN ZASOB\u00d3W W\u00d3D GEOTERMALNYCH NA DANYM TERENIE,<\/li>\n<\/ul>\n<ul>\n<li>WYKONYWANIE PROJEKT\u00d3W WIERCE\u0143 GEOTERMALNYCH,<\/li>\n<\/ul>\n<ul>\n<li>WYKONYWANIE BILANS\u00d3W CIEPLNYCH GMIN, MIAST, POWIAT\u00d3W ITP.,<\/li>\n<\/ul>\n<ul>\n<li>PRZYGOTOWANIE ZA\u0141O\u017bE\u0143 TECHNICZNO-EKONOMICZNYCH BUDOWY ZAK\u0141AD\u00d3W GEOTERMALNYCH,<\/li>\n<\/ul>\n<ul>\n<li>PROJEKTOWANIE INSTALACJI TECHNOLOGII CIEPLNYCH Z\u00a0WYKORZYSTANIEM POMP CIEP\u0141A,<\/li>\n<\/ul>\n<ul>\n<li>PRZYGOTOWANIE MONTA\u017bY FINANSOWYCH INWESTYCJI GEOTERMALNYCH I\u00a0INNYCH WYKORZYSTUJ\u0104CYCH ENERGIE ODNAWIALNE<\/li>\n<\/ul>\n<\/td>\n<\/tr>\n<tr>\n<td><strong>UDZIA\u0141 WFO\u015aiGW W\u00a0KAPITALE ZAK\u0141ADOWYM<\/strong><\/td>\n<td>11,92%<\/td>\n<\/tr>\n<tr>\n<td><strong>KONTAKT<\/strong><\/td>\n<td>\u00a0<a href=\"http:\/\/www.geotermia.com.pl\/\">www.geotermia.com.pl<\/a><\/td>\n<\/tr>\n<\/tbody>\n<\/table>\n<table border=\"1\">\n<tbody>\n<tr>\n<td><strong>NAZWA<\/strong><\/td>\n<td><strong>\u00a0GEOTERMIA UNIEJ\u00d3W imienia Stanis\u0142awa Olasa SP. Z\u00a0O.O<\/strong>.<\/td>\n<\/tr>\n<tr>\n<td><strong>ADRES<\/strong><\/td>\n<td>\u00a0UL. KO\u015aCIELNICKA 44, 99-210 UNIEJ\u00d3W<\/td>\n<\/tr>\n<tr>\n<td><strong>WYSOKO\u015a\u0106 KAPITA\u0141U ZAK\u0141ADOWEGO<\/strong><\/td>\n<td>11 519 000,00 z\u0142<\/td>\n<\/tr>\n<tr>\n<td><strong>PRZEDMIOT DZIA\u0141ALNO\u015aCI<\/strong><\/td>\n<td>\n<ul>\n<li>ZAOPATRYWANIE W\u00a0ENERGI\u0118 CIEPLN\u0104 MIASTA UNIEJ\u00d3W,<\/li>\n<\/ul>\n<ul>\n<li>DZIA\u0141ANIA US\u0141UGOWE, INWESTYCYJNE, PRODUKCYJNE ZWI\u0104ZANE Z\u00a0WYKORZYSTANIEM W\u00d3D GEOTERMALNYCH,<\/li>\n<\/ul>\n<ul>\n<li>WYKORZYSTANIE W\u00d3D GEOTERMALNYCH W\u00a0ENERGETYCE, LECZNICTWIE I\u00a0REKREACJI,<\/li>\n<\/ul>\n<ul>\n<li>DORADZTWO O\u00a0MO\u017bLIWO\u015aCIACH FINANSOWANIA ZADA\u0143 ZE \u015aRODK\u00d3W NARODOWEGO I\u00a0WOJEW\u00d3DZKICH FUNDUSZY OCHRONY \u015aRODOWISKA I\u00a0GOSPODARKI WODNEJ<\/li>\n<\/ul>\n<\/td>\n<\/tr>\n<tr>\n<td><strong>UDZIA\u0141 WFO\u015aiGW W\u00a0KAPITALE ZAK\u0141ADOWYM<\/strong><\/td>\n<td>34,73%<\/td>\n<\/tr>\n<tr>\n<td><strong>KONTAKT<\/strong><\/td>\n<td>\u00a0<a href=\"http:\/\/www.geotermia-uniejow.pl\/\">www.geotermia-uniejow.pl<\/a><\/td>\n<\/tr>\n<\/tbody>\n<\/table>\n<table border=\"1\">\n<tbody>\n<tr>\n<td><strong>NAZWA<\/strong><\/td>\n<td><strong>ZAK\u0141AD ENERGETYKI CIEPLNEJ \u0141OWICZ SP. Z\u00a0O.O.\u00a0<\/strong><\/td>\n<\/tr>\n<tr>\n<td><strong>ADRES<\/strong><\/td>\n<td>\u00a0UL. KALISKA 22, 99-400 \u0141OWICZ<\/td>\n<\/tr>\n<tr>\n<td><strong>WYSOKO\u015a\u0106 KAPI\u0141AU ZAK\u0141ADOWEGO<\/strong><\/td>\n<td>8 079 000,00 z\u0142<\/td>\n<\/tr>\n<tr>\n<td><strong>PRZEDMIOT DZIA\u0141ALNO\u015aCI<\/strong><\/td>\n<td>\n<ul>\n<li>PRODUKCJA ORAZ DYSTRYBUCJA CIEP\u0141A (PARY WODNEJ I\u00a0GOR\u0104CEJ WODY),<\/li>\n<\/ul>\n<ul>\n<li>\u015aWIADCZENIE US\u0141UG W\u00a0ZAKRESIE WYNAJMU \u015aRODK\u00d3W TRANSPORTU NA RZECZ OS\u00d3B PRAWNYCH I\u00a0FIZYCZNYCH<\/li>\n<\/ul>\n<\/td>\n<\/tr>\n<tr>\n<td><strong>UDZIA\u0141 WFO\u015aiGW W\u00a0KAPITALE ZAK\u0141ADOWYM<\/strong><\/td>\n<td>51,02%<\/td>\n<\/tr>\n<tr>\n<td><strong>KONTAKT<\/strong><\/td>\n<td>\u00a0<a href=\"http:\/\/www.zec.bip.lowicz.eu\/zec\/index.php\">www.zeclowicz.pl<\/a><\/td>\n<\/tr>\n<\/tbody>\n<\/table>\n","protected":false},"excerpt":{"rendered":"<p>Wojew\u00f3dzki Fundusz Ochrony \u015arodowiska i\u00a0Gospodarki Wodnej w\u00a0\u0141odzi posiada akcje lub udzia\u0142y m.in. w\u00a0ni\u017cej wymienionych Sp\u00f3\u0142kach. Stan na kwiecie\u0144 2023r. Dane szczeg\u00f3\u0142owe: NAZWA \u00a0EKO-REGION SP. Z\u00a0O.O. ADRES \u00a0UL. BAWE\u0141NIANA 18, 97-400&#8230;<\/p>\n","protected":false},"author":1,"featured_media":0,"parent":20,"menu_order":0,"comment_status":"closed","ping_status":"closed","template":"","meta":{"_acf_changed":false,"footnotes":""},"class_list":["post-24","page","type-page","status-publish","hentry"],"acf":[],"yoast_head":"<!-- This site is optimized with the Yoast SEO plugin v27.4 - https:\/\/yoast.com\/product\/yoast-seo-wordpress\/ -->\n<title>Sp\u00f3\u0142ki - Biuletyn Informacji Publicznej WFO\u015aiGW w \u0141odzi<\/title>\n<meta name=\"robots\" content=\"index, follow, max-snippet:-1, max-image-preview:large, max-video-preview:-1\" \/>\n<link rel=\"canonical\" href=\"https:\/\/www.wfosigw.lodz.pl\/bip\/o-funduszu\/dzialalnosc-funduszu\/spolki\/\" \/>\n<meta property=\"og:locale\" content=\"pl_PL\" \/>\n<meta property=\"og:type\" content=\"article\" \/>\n<meta property=\"og:title\" content=\"Sp\u00f3\u0142ki - Biuletyn Informacji Publicznej WFO\u015aiGW w \u0141odzi\" \/>\n<meta property=\"og:description\" content=\"Wojew\u00f3dzki Fundusz Ochrony \u015arodowiska i\u00a0Gospodarki Wodnej w\u00a0\u0141odzi posiada akcje lub udzia\u0142y m.in. w\u00a0ni\u017cej wymienionych Sp\u00f3\u0142kach. Stan na kwiecie\u0144 2023r. Dane szczeg\u00f3\u0142owe: NAZWA \u00a0EKO-REGION SP. Z\u00a0O.O. ADRES \u00a0UL. BAWE\u0141NIANA 18, 97-400...\" \/>\n<meta property=\"og:url\" content=\"https:\/\/www.wfosigw.lodz.pl\/bip\/o-funduszu\/dzialalnosc-funduszu\/spolki\/\" \/>\n<meta property=\"og:site_name\" content=\"Biuletyn Informacji Publicznej WFO\u015aiGW w \u0141odzi\" \/>\n<meta property=\"article:publisher\" content=\"https:\/\/www.facebook.com\/wfosigw.lodz\/\" \/>\n<meta property=\"article:modified_time\" content=\"2024-12-23T08:27:21+00:00\" \/>\n<meta property=\"og:image\" content=\"https:\/\/www.wfosigw.lodz.pl\/bip\/pliki\/baner-min-1920x700.jpg.webp\" \/>\n\t<meta property=\"og:image:width\" content=\"1920\" \/>\n\t<meta property=\"og:image:height\" content=\"700\" \/>\n\t<meta property=\"og:image:type\" content=\"image\/webp\" \/>\n<meta name=\"twitter:card\" content=\"summary_large_image\" \/>\n<meta name=\"twitter:label1\" content=\"Szacowany czas czytania\" \/>\n\t<meta name=\"twitter:data1\" content=\"2 minuty\" \/>\n<script type=\"application\/ld+json\" class=\"yoast-schema-graph\">{\"@context\":\"https:\\\/\\\/schema.org\",\"@graph\":[{\"@type\":\"WebPage\",\"@id\":\"https:\\\/\\\/www.wfosigw.lodz.pl\\\/bip\\\/o-funduszu\\\/dzialalnosc-funduszu\\\/spolki\\\/\",\"url\":\"https:\\\/\\\/www.wfosigw.lodz.pl\\\/bip\\\/o-funduszu\\\/dzialalnosc-funduszu\\\/spolki\\\/\",\"name\":\"Sp\u00f3\u0142ki - Biuletyn Informacji Publicznej WFO\u015aiGW w \u0141odzi\",\"isPartOf\":{\"@id\":\"https:\\\/\\\/www.wfosigw.lodz.pl\\\/bip\\\/#website\"},\"datePublished\":\"2024-12-23T08:26:48+00:00\",\"dateModified\":\"2024-12-23T08:27:21+00:00\",\"breadcrumb\":{\"@id\":\"https:\\\/\\\/www.wfosigw.lodz.pl\\\/bip\\\/o-funduszu\\\/dzialalnosc-funduszu\\\/spolki\\\/#breadcrumb\"},\"inLanguage\":\"pl-PL\",\"potentialAction\":[{\"@type\":\"ReadAction\",\"target\":[\"https:\\\/\\\/www.wfosigw.lodz.pl\\\/bip\\\/o-funduszu\\\/dzialalnosc-funduszu\\\/spolki\\\/\"]}]},{\"@type\":\"BreadcrumbList\",\"@id\":\"https:\\\/\\\/www.wfosigw.lodz.pl\\\/bip\\\/o-funduszu\\\/dzialalnosc-funduszu\\\/spolki\\\/#breadcrumb\",\"itemListElement\":[{\"@type\":\"ListItem\",\"position\":1,\"name\":\"Strona g\u0142\u00f3wna\",\"item\":\"https:\\\/\\\/www.wfosigw.lodz.pl\\\/bip\\\/\"},{\"@type\":\"ListItem\",\"position\":2,\"name\":\"O Funduszu\",\"item\":\"https:\\\/\\\/www.wfosigw.lodz.pl\\\/bip\\\/o-funduszu\\\/\"},{\"@type\":\"ListItem\",\"position\":3,\"name\":\"Dzia\u0142alno\u015b\u0107 Funduszu\",\"item\":\"https:\\\/\\\/www.wfosigw.lodz.pl\\\/bip\\\/o-funduszu\\\/dzialalnosc-funduszu\\\/\"},{\"@type\":\"ListItem\",\"position\":4,\"name\":\"Sp\u00f3\u0142ki\"}]},{\"@type\":\"WebSite\",\"@id\":\"https:\\\/\\\/www.wfosigw.lodz.pl\\\/bip\\\/#website\",\"url\":\"https:\\\/\\\/www.wfosigw.lodz.pl\\\/bip\\\/\",\"name\":\"Biuletyn Informacji Publicznej WFO\u015aiGW w \u0141odzi\",\"description\":\"\",\"publisher\":{\"@id\":\"https:\\\/\\\/www.wfosigw.lodz.pl\\\/bip\\\/#organization\"},\"potentialAction\":[{\"@type\":\"SearchAction\",\"target\":{\"@type\":\"EntryPoint\",\"urlTemplate\":\"https:\\\/\\\/www.wfosigw.lodz.pl\\\/bip\\\/?s={search_term_string}\"},\"query-input\":{\"@type\":\"PropertyValueSpecification\",\"valueRequired\":true,\"valueName\":\"search_term_string\"}}],\"inLanguage\":\"pl-PL\"},{\"@type\":\"Organization\",\"@id\":\"https:\\\/\\\/www.wfosigw.lodz.pl\\\/bip\\\/#organization\",\"name\":\"Biuletyn Informacji Publicznej WFO\u015aiGW w \u0141odzi\",\"url\":\"https:\\\/\\\/www.wfosigw.lodz.pl\\\/bip\\\/\",\"logo\":{\"@type\":\"ImageObject\",\"inLanguage\":\"pl-PL\",\"@id\":\"https:\\\/\\\/www.wfosigw.lodz.pl\\\/bip\\\/#\\\/schema\\\/logo\\\/image\\\/\",\"url\":\"https:\\\/\\\/www.wfosigw.lodz.pl\\\/bip\\\/pliki\\\/logo-wfosigw-1.svg\",\"contentUrl\":\"https:\\\/\\\/www.wfosigw.lodz.pl\\\/bip\\\/pliki\\\/logo-wfosigw-1.svg\",\"width\":1,\"height\":1,\"caption\":\"Biuletyn Informacji Publicznej WFO\u015aiGW w \u0141odzi\"},\"image\":{\"@id\":\"https:\\\/\\\/www.wfosigw.lodz.pl\\\/bip\\\/#\\\/schema\\\/logo\\\/image\\\/\"},\"sameAs\":[\"https:\\\/\\\/www.facebook.com\\\/wfosigw.lodz\\\/\"]}]}<\/script>\n<!-- \/ Yoast SEO plugin. -->","yoast_head_json":{"title":"Sp\u00f3\u0142ki - Biuletyn Informacji Publicznej WFO\u015aiGW w \u0141odzi","robots":{"index":"index","follow":"follow","max-snippet":"max-snippet:-1","max-image-preview":"max-image-preview:large","max-video-preview":"max-video-preview:-1"},"canonical":"https:\/\/www.wfosigw.lodz.pl\/bip\/o-funduszu\/dzialalnosc-funduszu\/spolki\/","og_locale":"pl_PL","og_type":"article","og_title":"Sp\u00f3\u0142ki - Biuletyn Informacji Publicznej WFO\u015aiGW w \u0141odzi","og_description":"Wojew\u00f3dzki Fundusz Ochrony \u015arodowiska i\u00a0Gospodarki Wodnej w\u00a0\u0141odzi posiada akcje lub udzia\u0142y m.in. w\u00a0ni\u017cej wymienionych Sp\u00f3\u0142kach. Stan na kwiecie\u0144 2023r. Dane szczeg\u00f3\u0142owe: NAZWA \u00a0EKO-REGION SP. Z\u00a0O.O. ADRES \u00a0UL. BAWE\u0141NIANA 18, 97-400...","og_url":"https:\/\/www.wfosigw.lodz.pl\/bip\/o-funduszu\/dzialalnosc-funduszu\/spolki\/","og_site_name":"Biuletyn Informacji Publicznej WFO\u015aiGW w \u0141odzi","article_publisher":"https:\/\/www.facebook.com\/wfosigw.lodz\/","article_modified_time":"2024-12-23T08:27:21+00:00","og_image":[{"width":1920,"height":700,"url":"https:\/\/www.wfosigw.lodz.pl\/bip\/pliki\/baner-min-1920x700.jpg.webp","type":"image\/webp"}],"twitter_card":"summary_large_image","twitter_misc":{"Szacowany czas czytania":"2 minuty"},"schema":{"@context":"https:\/\/schema.org","@graph":[{"@type":"WebPage","@id":"https:\/\/www.wfosigw.lodz.pl\/bip\/o-funduszu\/dzialalnosc-funduszu\/spolki\/","url":"https:\/\/www.wfosigw.lodz.pl\/bip\/o-funduszu\/dzialalnosc-funduszu\/spolki\/","name":"Sp\u00f3\u0142ki - Biuletyn Informacji Publicznej WFO\u015aiGW w \u0141odzi","isPartOf":{"@id":"https:\/\/www.wfosigw.lodz.pl\/bip\/#website"},"datePublished":"2024-12-23T08:26:48+00:00","dateModified":"2024-12-23T08:27:21+00:00","breadcrumb":{"@id":"https:\/\/www.wfosigw.lodz.pl\/bip\/o-funduszu\/dzialalnosc-funduszu\/spolki\/#breadcrumb"},"inLanguage":"pl-PL","potentialAction":[{"@type":"ReadAction","target":["https:\/\/www.wfosigw.lodz.pl\/bip\/o-funduszu\/dzialalnosc-funduszu\/spolki\/"]}]},{"@type":"BreadcrumbList","@id":"https:\/\/www.wfosigw.lodz.pl\/bip\/o-funduszu\/dzialalnosc-funduszu\/spolki\/#breadcrumb","itemListElement":[{"@type":"ListItem","position":1,"name":"Strona g\u0142\u00f3wna","item":"https:\/\/www.wfosigw.lodz.pl\/bip\/"},{"@type":"ListItem","position":2,"name":"O Funduszu","item":"https:\/\/www.wfosigw.lodz.pl\/bip\/o-funduszu\/"},{"@type":"ListItem","position":3,"name":"Dzia\u0142alno\u015b\u0107 Funduszu","item":"https:\/\/www.wfosigw.lodz.pl\/bip\/o-funduszu\/dzialalnosc-funduszu\/"},{"@type":"ListItem","position":4,"name":"Sp\u00f3\u0142ki"}]},{"@type":"WebSite","@id":"https:\/\/www.wfosigw.lodz.pl\/bip\/#website","url":"https:\/\/www.wfosigw.lodz.pl\/bip\/","name":"Biuletyn Informacji Publicznej WFO\u015aiGW w \u0141odzi","description":"","publisher":{"@id":"https:\/\/www.wfosigw.lodz.pl\/bip\/#organization"},"potentialAction":[{"@type":"SearchAction","target":{"@type":"EntryPoint","urlTemplate":"https:\/\/www.wfosigw.lodz.pl\/bip\/?s={search_term_string}"},"query-input":{"@type":"PropertyValueSpecification","valueRequired":true,"valueName":"search_term_string"}}],"inLanguage":"pl-PL"},{"@type":"Organization","@id":"https:\/\/www.wfosigw.lodz.pl\/bip\/#organization","name":"Biuletyn Informacji Publicznej WFO\u015aiGW w \u0141odzi","url":"https:\/\/www.wfosigw.lodz.pl\/bip\/","logo":{"@type":"ImageObject","inLanguage":"pl-PL","@id":"https:\/\/www.wfosigw.lodz.pl\/bip\/#\/schema\/logo\/image\/","url":"https:\/\/www.wfosigw.lodz.pl\/bip\/pliki\/logo-wfosigw-1.svg","contentUrl":"https:\/\/www.wfosigw.lodz.pl\/bip\/pliki\/logo-wfosigw-1.svg","width":1,"height":1,"caption":"Biuletyn Informacji Publicznej WFO\u015aiGW w \u0141odzi"},"image":{"@id":"https:\/\/www.wfosigw.lodz.pl\/bip\/#\/schema\/logo\/image\/"},"sameAs":["https:\/\/www.facebook.com\/wfosigw.lodz\/"]}]}},"_links":{"self":[{"href":"https:\/\/www.wfosigw.lodz.pl\/bip\/wp-json\/wp\/v2\/pages\/24","targetHints":{"allow":["GET"]}}],"collection":[{"href":"https:\/\/www.wfosigw.lodz.pl\/bip\/wp-json\/wp\/v2\/pages"}],"about":[{"href":"https:\/\/www.wfosigw.lodz.pl\/bip\/wp-json\/wp\/v2\/types\/page"}],"author":[{"embeddable":true,"href":"https:\/\/www.wfosigw.lodz.pl\/bip\/wp-json\/wp\/v2\/users\/1"}],"replies":[{"embeddable":true,"href":"https:\/\/www.wfosigw.lodz.pl\/bip\/wp-json\/wp\/v2\/comments?post=24"}],"version-history":[{"count":1,"href":"https:\/\/www.wfosigw.lodz.pl\/bip\/wp-json\/wp\/v2\/pages\/24\/revisions"}],"predecessor-version":[{"id":25,"href":"https:\/\/www.wfosigw.lodz.pl\/bip\/wp-json\/wp\/v2\/pages\/24\/revisions\/25"}],"up":[{"embeddable":true,"href":"https:\/\/www.wfosigw.lodz.pl\/bip\/wp-json\/wp\/v2\/pages\/20"}],"wp:attachment":[{"href":"https:\/\/www.wfosigw.lodz.pl\/bip\/wp-json\/wp\/v2\/media?parent=24"}],"curies":[{"name":"wp","href":"https:\/\/api.w.org\/{rel}","templated":true}]}}